{"id":9776,"date":"2024-08-24T11:46:17","date_gmt":"2024-08-24T09:46:17","guid":{"rendered":"https:\/\/babyproffsenkalmar.se\/?post_type=product&#038;p=9776"},"modified":"2026-02-02T18:09:34","modified_gmt":"2026-02-02T17:09:34","slug":"rattstart-kudde-eko-spjalsang","status":"publish","type":"product","link":"https:\/\/babyproffsenkalmar.se\/sv_se\/produkt\/rattstart-kudde-eko-spjalsang\/","title":{"rendered":"R\u00e4ttstart Kudde EKO, Spj\u00e4ls\u00e4ng"},"content":{"rendered":"<p class=\"\" data-start=\"146\" data-end=\"362\">En <strong data-start=\"149\" data-end=\"174\">mjuk och bekv\u00e4m kudde<\/strong> som passar perfekt i spj\u00e4ls\u00e4ngen och ger ditt barn en trygg sovmilj\u00f6. Kudden \u00e4r <strong data-start=\"255\" data-end=\"280\">maskintv\u00e4ttbar i 60\u00b0C<\/strong>, vilket effektivt eliminerar kvalster och h\u00e5ller sovplatsen fr\u00e4sch och hygienisk.<\/p>\n<p class=\"\" data-start=\"364\" data-end=\"568\"><strong data-start=\"368\" data-end=\"396\">Trygghet i varje detalj:<\/strong><br data-start=\"396\" data-end=\"399\" \/>Kudden \u00e4r <strong data-start=\"409\" data-end=\"480\">testad och certifierad enligt \u00d6ko-Tex Standard 100, Klass II \u2013 Baby<\/strong>, vilket inneb\u00e4r att den \u00e4r fri fr\u00e5n skadliga \u00e4mnen och s\u00e4ker f\u00f6r ditt barn att anv\u00e4nda.<\/p>\n<p class=\"\" data-start=\"570\" data-end=\"670\">Levereras <strong data-start=\"583\" data-end=\"619\">vakuumf\u00f6rpackad i en fin tygp\u00e5se<\/strong> som ocks\u00e5 fungerar utm\u00e4rkt som praktisk f\u00f6rvaring.<\/p>\n<p class=\"\" data-start=\"672\" data-end=\"777\">En kudde som kombinerar komfort med omtanke om b\u00e5de h\u00e4lsa och milj\u00f6 \u2013 ett tryggt val f\u00f6r ditt barns s\u00f6mn.<\/p>\n<p>Material: Yttertyg: 100% Ekologisk Bomull, Fyllning: 100% Polyester<br \/>\nM\u00e5tt: 38 x 55 cm<br \/>\n\u00c5lder: +0 m\u00e5nader<\/p>\n","protected":false},"excerpt":{"rendered":"<p>En <strong data-start=\"149\" data-end=\"174\">mjuk och bekv\u00e4m kudde<\/strong> som passar perfekt i spj\u00e4ls\u00e4ngen och ger ditt barn en trygg sovmilj\u00f6. Kudden \u00e4r <strong data-start=\"255\" data-end=\"280\">maskintv\u00e4ttbar i 60\u00b0C<\/strong>, vilket effektivt eliminerar kvalster och h\u00e5ller sovplatsen fr\u00e4sch och hygienisk.<\/p>\n","protected":false},"featured_media":36177,"comment_status":"open","ping_status":"closed","template":"","meta":{"advanced_seo_description":"","jetpack_seo_html_title":"","jetpack_seo_noindex":false,"jetpack_seo_schema_type":""},"product_brand":[1372564],"product_cat":[1372342,1372395],"product_tag":[],"class_list":["post-9776","product","type-product","status-publish","has-post-thumbnail","product_brand-rattstart","product_cat-bedroom","product_cat-textiles","first","outofstock","sale","taxable","shipping-taxable","purchasable","product-type-simple"],"bundled_by":[],"bundle_stock_status":"outofstock","bundle_stock_quantity":0,"bundle_virtual":false,"bundle_layout":"","bundle_add_to_cart_form_location":"","bundle_editable_in_cart":false,"bundle_sold_individually_context":"","bundle_item_grouping":"","bundle_min_size":"","bundle_max_size":"","bundle_price":[],"bundled_items":[],"bundle_sell_ids":[],"jetpack_sharing_enabled":true,"jetpack_likes_enabled":true,"_links":{"self":[{"href":"https:\/\/babyproffsenkalmar.se\/sv_se\/wp-json\/wp\/v2\/product\/9776","targetHints":{"allow":["GET"]}}],"collection":[{"href":"https:\/\/babyproffsenkalmar.se\/sv_se\/wp-json\/wp\/v2\/product"}],"about":[{"href":"https:\/\/babyproffsenkalmar.se\/sv_se\/wp-json\/wp\/v2\/types\/product"}],"replies":[{"embeddable":true,"href":"https:\/\/babyproffsenkalmar.se\/sv_se\/wp-json\/wp\/v2\/comments?post=9776"}],"wp:featuredmedia":[{"embeddable":true,"href":"https:\/\/babyproffsenkalmar.se\/sv_se\/wp-json\/wp\/v2\/media\/36177"}],"wp:attachment":[{"href":"https:\/\/babyproffsenkalmar.se\/sv_se\/wp-json\/wp\/v2\/media?parent=9776"}],"wp:term":[{"taxonomy":"product_brand","embeddable":true,"href":"https:\/\/babyproffsenkalmar.se\/sv_se\/wp-json\/wp\/v2\/product_brand?post=9776"},{"taxonomy":"product_cat","embeddable":true,"href":"https:\/\/babyproffsenkalmar.se\/sv_se\/wp-json\/wp\/v2\/product_cat?post=9776"},{"taxonomy":"product_tag","embeddable":true,"href":"https:\/\/babyproffsenkalmar.se\/sv_se\/wp-json\/wp\/v2\/product_tag?post=9776"}],"curies":[{"name":"wp","href":"https:\/\/api.w.org\/{rel}","templated":true}]}}

Rättstart Kudde EKO, Spjälsäng

<p class="" data-start="146" data-end="362">En <strong data-start="149" data-end="174">mjuk och bekväm kudde</strong> som passar perfekt i spjälsängen och ger ditt barn en trygg sovmiljö. Kudden är <strong data-start="255" data-end="280">maskintvättbar i 60°C</strong>, vilket effektivt eliminerar kvalster och håller sovplatsen fräsch och hygienisk.</p>
<p class="" data-start="364" data-end="568"><strong data-start="368" data-end="396">Trygghet i varje detalj:</strong><br data-start="396" data-end="399" />Kudden är <strong data-start="409" data-end="480">testad och certifierad enligt Öko-Tex Standard 100, Klass II – Baby</strong>, vilket innebär att den är fri från skadliga ämnen och säker för ditt barn att använda.</p>
<p class="" data-start="570" data-end="670">Levereras <strong data-start="583" data-end="619">vakuumförpackad i en fin tygpåse</strong> som också fungerar utmärkt som praktisk förvaring.</p>
<p class="" data-start="672" data-end="777">En kudde som kombinerar komfort med omtanke om både hälsa och miljö – ett tryggt val för ditt barns sömn.</p>
<p>Material: Yttertyg: 100% Ekologisk Bomull, Fyllning: 100% Polyester<br />
Mått: 38 x 55 cm<br />
Ålder: +0 månader</p>

<p>En <strong data-start="149" data-end="174">mjuk och bekväm kudde</strong> som passar perfekt i spjälsängen och ger ditt barn en trygg sovmiljö. Kudden är <strong data-start="255" data-end="280">maskintvättbar i 60°C</strong>, vilket effektivt eliminerar kvalster och håller sovplatsen fräsch och hygienisk.</p>
